vert -10 (base 2) to base 7.
-2
Convert 3 (base 4) to base 9.
3
10 (base 9) to base 15
9
-3 (base 12) to base 7
-3
Convert 17 (base 9) to base 14.
12
What is -11102 (base 3) in base 12?
-9b
Convert -7e (base 16) to base 8.
-176
What is 10 (base 4) in base 14?
4
Convert -2 (base 6) to base 10.
-2
Convert -33 (base 14) to base 7.
-63
Convert -2 (base 12) to base 15.
-2
33 (base 8) to base 2
11011
What is -4 (base 16) in base 15?
-4
What is 2 (base 4) in base 7?
2
What is 6 (base 11) in base 3?
20
Convert 3 (base 16) to base 4.
3
dd (base 15) to base 5
1313
Convert 21 (base 5) to base 6.
15
What is -2 (base 8) in base 14?
-2
Convert 1001 (base 2) to base 7.
12
-10101 (base 2) to base 16
-15
What is -12 (base 10) in base 8?
-14
What is -38 (base 10) in base 11?
-35
Convert -c (base 14) to base 3.
-110
-14 (base 12) to base 16
-10
Convert 1 (base 5) to base 12.
1
-35 (base 15) to base 4
-302
1021 (base 4) to base 3
2201
What is 201 (base 3) in base 8?
23
Convert 2 (base 5) to base 6.
2
Convert -303 (base 8) to base 12.
-143
What is 1100110 (base 2) in base 6?
250
-44 (base 13) to base 10
-56
-1201 (base 3) to base 16
-2e
Convert -5 (base 13) to base 14.
-5
What is 14 (base 16) in base 6?
32
1 (base 8) to base 11
1
Convert 0 (base 9) to base 11.
0
-2f (base 16) to base 4
-233
Convert 9 (base 10) to base 7.
12
What is -103 (base 4) in base 2?
-10011
Convert -5 (base 9) to base 15.
-5
-10 (base 15) to base 3
-120
What is -100 (base 2) in base 5?
-4
Convert 1 (base 13) to base 4.
1
10 (base 16) to base 9
17
-1 (base 16) to base 12
-1
Convert 11212 (base 4) to base 10.
358
Convert -86 (base 10) to base 14.
-62
-213 (base 5) to base 2
-111010
What is 6 (base 13) in base 15?
6
Convert -84 (base 9) to base 4.
-1030
3 (base 12) to base 13
3
Convert -10011 (base 4) to base 15.
-126
-406 (base 8) to base 4
-10012
Convert c (base 14) to base 16.
c
What is 4 (base 16) in base 7?
4
Convert 7 (base 9) to base 14.
7
Convert -1000 (base 2) to base 8.
-10
What is 7 (base 14) in base 4?
13
Convert 2 (base 4) to base 5.
2
Convert -7 (base 9) to base 2.
-111
What is 15b (base 12) in base 13?
137
What is -10 (base 6) in base 14?
-6
Convert 2 (base 5) to base 7.
2
Convert 0 (base 16) to base 6.
0
Convert -1142 (base 5) to base 15.
-b7
-102 (base 6) to base 10
-38
What is -43 (base 16) in base 11?
-61
What is 7 (base 13) in base 15?
7
What is -1 (base 12) in base 10?
-1
Convert -6 (base 11) to base 9.
-6
Convert 1235 (base 6) to base 14.
183
What is 11 (base 2) in base 11?
3
Convert -332 (base 6) to base 9.
-152
Convert -111111 (base 2) to base 15.
-43
What is 1000000 (base 2) in base 5?
224
Convert -40 (base 5) to base 16.
-14
130 (base 11) to base 4
2122
-101 (base 2) to base 9
-5
What is -e (base 16) in base 12?
-12
What is -120 (base 8) in base 16?
-50
Convert 6 (base 16) to base 2.
110
What is -d (base 15) in base 13?
-10
What is 5 (base 6) in base 10?
5
Convert -7 (base 15) to base 7.
-10
What is -125 (base 7) in base 3?
-2112
Convert -442 (base 7) to base 9.
-271
0 (base 2) to base 8
0
21 (base 9) to base 4
103
What is 1 (base 3) in base 10?
1
Convert 6 (base 13) to base 10.
6
46 (base 9) to base 11
39
Convert -13 (base 14) to base 2.
-10001
What is 46 (base 8) in base 14?
2a
Convert 11 (base 5) to base 10.
6
-5 (base 14) to base 15
-5
Convert 1111110 (base 2) to base 7.
240
Convert -40 (base 5) to base 12.
-18
What is 2 (base 14) in base 16?
2
Convert -5 (base 8) to base 16.
-5
Convert -2a (base 12) to base 15.
-24
Convert 65 (base 9) to base 13.
47
-109 (base 12) to base 15
-a3
What is -241 (base 5) in base 4?
-1013
1021 (base 3) to base 7
46
-1 (base 6) to base 5
-1
-1 (base 10) to base 3
-1
Convert -3 (base 5) to base 12.
-3
Convert 9 (base 15) to base 3.
100
-3 (base 11) to base 8
-3
What is 1 (base 10) in base 14?
1
What is -64 (base 8) in base 5?
-202
-25 (base 8) to base 10
-21
Convert -21 (base 8) to base 6.
-25
-9f (base 16) to base 12
-113
What is c (base 16) in base 3?
110
113 (base 4) to base 14
19
-6 (base 11) to base 4
-12
Convert -11010 (base 2) to base 6.
-42
Convert 18 (base 16) to base 13.
1b
-11 (base 11) to base 7
-15
What is -1002 (base 3) in base 16?
-1d
What is -16b (base 14) in base 9?
-353
What is 103 (base 4) in base 10?
19
What is -61 (base 12) in base 15?
-4d
What is 133 (base 5) in base 3?
1121
What is 53 (base 6) in base 13?
27
Convert 3 (base 6) to base 13.
3
What is 22 (base 3) in base 10?
8
Convert -2 (base 6) to base 10.
-2
11 (base 2) to base 3
10
52 (base 11) to base 6
133
32 (base 9) to base 5
104
What is -10 (base 7) in base 9?
-7
2 (base 11) to base 5
2
Convert 3 (base 4) to base 11.
3
-e (base 16) to base 14
-10
What is -1 (base 12) in base 13?
-1
What is 301 (base 9) in base 3?
100001
What is 12 (base 8) in base 6?
14
Convert 12 (base 3) to base 6.
5
What is -86 (base 15) in base 9?
-150
Convert 2211 (base 3) to base 7.
136
-62 (base 8) to base 7
-101
Convert 1 (base 12) to base 5.
1
Convert -66 (base 7) to base 11.
-44
Convert 104 (base 5) to base 7.
41
66 (base 15) to base 10
96
What is -2 (base 14) in base 8?
-2
-3 (base 16) to base 11
-3
What is -10222 (base 3) in base 16?
-6b
-121 (base 3) to base 11
-15
Convert 10111 (base 2) to base 9.
25
What is -11 (base 9) in base 3?
-101
What is -34 (base 11) in base 7?
-52
70 (base 13) to base 9
111
Convert 2d (base 16) to base 15.
30
What is -3 (base 6) in base 7?
-3
Convert -101 (base 2) to base 3.
-12
-10111 (base 2) to base 5
-43
34 (base 14) to base 4
232
What is -9 (base 16) in base 15?
-9
Convert 16 (base 10) to base 16.
10
-110 (base 2) to base 8
-6
Convert 164 (base 7) to base 16.
5f
What is -1 (base 3) in base 10?
-1
What is 1000001 (base 2) in base 3?
2102
32 (base 15) to base 2
101111
Convert -110 (base 2) to base 16.
-6
What is -1135 (base 6) in base 10?
-275
Convert 25 (base 11) to base 6.
43
Convert -2 (base 4) to base 11.
-2
-13 (base 16) to base 9
-21
-3 (base 12) to base 4
-3
What is -d0 (base 15) in base 11?
-168
What is 16 (base 11) in base 2?
10001
10 (base 15) to base 11
14
Convert 43 (base 8) to base 3.
1022
3 (base 4) to base 8
3
Convert -32 (base 9) to base 8.
-35
Convert -101 (base 3) to base 5.
-20
Convert 23 (base 10) to base 6.
35
What is 11 (base 5) in base 7?
6
What is b (base 15) in base 9?
12
-11 (base 4) to base 9
-5
What is -10 (base 4) in base 14?
-4
What is 1232 (base 4) in base 16?
6e
What is 101002 (base 3) in base 15?
132
What is 4 (base 5) in base 3?
11
-60 (base 9) to base 13
-42
Convert -10 (base 7) to base 8.
-7
What is b (base 13) in base 2?
1011
What is 0 (base 4) in base 3?
0
What is 3201 (base 4) in base 5?
1400
b (base 14) to base 11
10
-87 (base 14) to base 16
-77
4 (base 14) to base 4
10
Convert -c (base 13) to base 6.
-20
What is 100 (base 5) in base 2?
11001
What is -6 (base 8) in base 7?
-6
-3 (base 14) to base 2
-11
What is -17 (base 14) in base 2?
-10101
-103 (base 4) to base 13
-16
What is -53 (base 7) in base 9?
-42
10010 (base 2) to base 9
20
What is -10 (base 4) in base 11?
-4
Convert -7 (base 12) to base 8.
-7
6 (base 8) to base 10
6
11200 (base 3) to base 15
86
What is -2 (base 13) in base 4?
-2
162 (base 9) to base 8
211
Convert -3 (base 15) to base 4.
-3
Convert 12 (base 4) to base 5.
11
Convert -5 (base 8) to base 16.
-5
Convert 3 (base 12) to base 2.
11
Convert 23 (base 4) to base 9.
12
-1011100 (base 2) to base 15
-62
Convert -4 (base 9) to base 7.
-4
Convert 74 (base 11) to base 16.
51
What is 1 (base 12) in base 10?
1
What is -1 (base 9) in base 6?
-1
Convert -110 (base 5) to base 6.
-50
10 (base 5) to base 8
5
-14 (base 10) to base 11
-13
What is -3 (base 7) in base 3?
-10
-11 (base 16) to base 5
-32
-2 (base 13) to base 8
-2
120 (base 11) to base 14
a3
What is 1bc (base 13) in base 9?
400
What is -1 (base 13) in base 5?
-1
What is 7 (base 11) in base 7?
10
Convert -13 (base 9) to base 12.
-10
Convert -3 (base 15) to base 7.
-3
11 (base 7) to base 3
22
Convert 8 (base 13) to base 8.
10
-4 (base 9) to base 8
-4
What is 58 (base 15) in base 12?
6b
What is -142 (base 5) in base 8?
-57
What is -4 (base 8) in base 11?
-4
Convert -7 (base 10) to base 8.
-7
Convert 14 (base 8) to base 10.
12
Convert -30 (base 14) to base 3.
-1120
Convert -35 (base 6) to base 3.
-212
What is -2 (base 12) in base 6?
-2
What is 5 (